{"id":20013,"date":"2024-03-07T10:18:28","date_gmt":"2024-03-07T09:18:28","guid":{"rendered":"https:\/\/wasserspender24.berlin\/?page_id=20013"},"modified":"2024-03-07T10:18:28","modified_gmt":"2024-03-07T09:18:28","slug":"wir-ueber-uns","status":"publish","type":"page","link":"https:\/\/wasserspender24.berlin\/gartenparty\/wir-ueber-uns\/","title":{"rendered":"Wir \u00fcber uns"},"content":{"rendered":"<div class=\"wpb-content-wrapper\"><p>[vc_row][vc_column width=&#8220;1\/2&#8243;][vc_single_image image=&#8220;20067&#8243; img_size=&#8220;full&#8220;][\/vc_column][vc_column width=&#8220;1\/2&#8243;][vc_column_text]<\/p>\n<section><span style=\"font-size: 22px; font-weight: bold;\"><span style=\"font-size: 22px; font-weight: bold;\">Ihr Wasserspenderservice im Herzen der Hauptstadt<\/span><\/span>&nbsp;<\/p>\n<\/section>\n<section>Unser Unternehmen wurde im Jahr 2011 gegr\u00fcndet. Das natriumarme Hi life Quellwasser mit seinem hohen PH-Wert ist ideal zum t\u00e4glichen Genuss. Unser Kerngesch\u00e4ft ist es unseren Kunden mit den firmeneigenen Lieferfahrzeugen das Quellwasser bis zu Ihnen, an Ihren Standort zu liefern. Desweiteren sind wir darauf spezialisiert Ihre Wasserspender und leitungsgebundenen Tafelwasseranlagen fachgerecht instand zu halten und diese einer Hygienewartung zu unterziehen.Abgef\u00fcllt wird das Quellwasser in der N\u00e4he von Breslau im \u201cLandschaftsschutzpark Zobtenberg\u201c.<\/section>\n<section><\/section>\n<p><!-- widget-container --><\/p>\n<section>Timo Blazyczek<br \/>\nGr\u00fcnder und Gesch\u00e4ftsf\u00fchrer<\/section>\n<p>[\/vc_column_text][\/vc_column][\/vc_row]<\/p>\n<\/div>","protected":false},"excerpt":{"rendered":"<p>[vc_row][vc_column width=&#8220;1\/2&#8243;][vc_single_image image=&#8220;20067&#8243; img_size=&#8220;full&#8220;][\/vc_column][vc_column width=&#8220;1\/2&#8243;][vc_column_text] Ihr Wasserspenderservice im Herzen der Hauptstadt&nbsp; Unser Unternehmen wurde im Jahr 2011 gegr\u00fcndet. Das natriumarme Hi life Quellwasser mit seinem hohen PH-Wert ist ideal zum t\u00e4glichen Genuss. Unser Kerngesch\u00e4ft ist es unseren Kunden mit den firmeneigenen Lieferfahrzeugen das Quellwasser bis zu Ihnen, an Ihren Standort zu liefern. Desweiteren sind wir [&hellip;]<\/p>\n","protected":false},"author":1,"featured_media":0,"parent":0,"menu_order":0,"comment_status":"closed","ping_status":"closed","template":"","meta":{"footnotes":""},"class_list":["post-20013","page","type-page","status-publish","hentry"],"_links":{"self":[{"href":"https:\/\/wasserspender24.berlin\/gartenparty\/wp-json\/wp\/v2\/pages\/20013","targetHints":{"allow":["GET"]}}],"collection":[{"href":"https:\/\/wasserspender24.berlin\/gartenparty\/wp-json\/wp\/v2\/pages"}],"about":[{"href":"https:\/\/wasserspender24.berlin\/gartenparty\/wp-json\/wp\/v2\/types\/page"}],"author":[{"embeddable":true,"href":"https:\/\/wasserspender24.berlin\/gartenparty\/wp-json\/wp\/v2\/users\/1"}],"replies":[{"embeddable":true,"href":"https:\/\/wasserspender24.berlin\/gartenparty\/wp-json\/wp\/v2\/comments?post=20013"}],"version-history":[{"count":0,"href":"https:\/\/wasserspender24.berlin\/gartenparty\/wp-json\/wp\/v2\/pages\/20013\/revisions"}],"wp:attachment":[{"href":"https:\/\/wasserspender24.berlin\/gartenparty\/wp-json\/wp\/v2\/media?parent=20013"}],"curies":[{"name":"wp","href":"https:\/\/api.w.org\/{rel}","templated":true}]}}